99?
3, 179, 227
What are the prime factors of 198291?
3, 157, 421
List the prime factors of 2435253.
3, 719, 1129
List the prime factors of 663091.
11, 13, 4637
List the prime factors of 5026410.
2, 3, 5, 55849
What are the prime factors of 258108?
2, 3, 137, 157
List the prime factors of 5158596.
2, 3, 53, 8111
What are the prime factors of 346818?
2, 3, 57803
What are the prime factors of 46075?
5, 19, 97
List the prime factors of 6957232.
2, 434827
What are the prime factors of 187494?
2, 3, 31249
What are the prime factors of 877975?
5, 7, 29, 173
List the prime factors of 309945.
3, 5, 20663
List the prime factors of 69454.
2, 7, 11, 41
What are the prime factors of 1964342?
2, 982171
What are the prime factors of 637332?
2, 3, 173, 307
List the prime factors of 9629501.
7, 47, 29269
List the prime factors of 2707861.
13, 19, 577
What are the prime factors of 4736082?
2, 3, 13, 60719
What are the prime factors of 1154948?
2, 173, 1669
List the prime factors of 228603.
3, 181, 421
What are the prime factors of 13192?
2, 17, 97
What are the prime factors of 8362528?
2, 261329
What are the prime factors of 1759275?
3, 5, 7, 1117
What are the prime factors of 3093793?
631, 4903
List the prime factors of 14158287.
3, 11, 13, 19, 193
What are the prime factors of 6641796?
2, 3, 7, 37, 2137
List the prime factors of 225069.
3, 13, 29, 199
List the prime factors of 1975128.
2, 3, 17, 47, 103
What are the prime factors of 90886?
2, 29, 1567
What are the prime factors of 227183?
11, 19, 1087
List the prime factors of 1218115.
5, 243623
List the prime factors of 451648.
2, 7057
List the prime factors of 1287162.
2, 3, 43, 1663
List the prime factors of 339340.
2, 5, 19, 47
What are the prime factors of 10365?
3, 5, 691
What are the prime factors of 4623214?
2, 97, 23831
What are the prime factors of 182468?
2, 11, 13, 29
What are the prime factors of 110872?
2, 13859
List the prime factors of 14943545.
5, 89, 33581
What are the prime factors of 1916384?
2, 59887
What are the prime factors of 17989639?
17989639
What are the prime factors of 23506481?
67, 350843
List the prime factors of 8977508.
2, 2244377
What are the prime factors of 1358188?
2, 13, 26119
List the prime factors of 6931493.
29, 239017
What are the prime factors of 3675766?
2, 1231, 1493
List the prime factors of 17780870.
2, 5, 719, 2473
What are the prime factors of 91622?
2, 61, 751
What are the prime factors of 1886804?
2, 569, 829
What are the prime factors of 243959?
53, 4603
List the prime factors of 570543.
3, 190181
List the prime factors of 1801751.
7, 19, 23, 31
What are the prime factors of 476426?
2, 238213
What are the prime factors of 185958?
2, 3, 10331
What are the prime factors of 175453?
175453
What are the prime factors of 7805814?
2, 3, 29, 113, 397
List the prime factors of 664346.
2, 353, 941
What are the prime factors of 682241?
7, 97463
What are the prime factors of 1889237?
7, 269891
What are the prime factors of 45427?
45427
List the prime factors of 2699892.
2, 3, 13, 641
What are the prime factors of 623230?
2, 5, 62323
List the prime factors of 2107560.
2, 3, 5, 7, 13, 193
What are the prime factors of 268288?
2, 131
What are the prime factors of 17321870?
2, 5, 31, 71, 787
What are the prime factors of 3401408?
2, 53147
List the prime factors of 65319.
3, 21773
What are the prime factors of 11185664?
2, 7, 3121
List the prime factors of 1260.
2, 3, 5, 7
What are the prime factors of 22459502?
2, 13, 43, 20089
List the prime factors of 10688423.
10688423
List the prime factors of 383320.
2, 5, 7, 37
What are the prime factors of 1441873?
149, 9677
What are the prime factors of 514150?
2, 5, 7, 13, 113
List the prime factors of 126263.
31, 4073
What are the prime factors of 17598294?
2, 3, 7, 19, 7351
What are the prime factors of 2366942?
2, 1183471
List the prime factors of 213311.
7, 31, 983
What are the prime factors of 7936218?
2, 3, 48989
List the prime factors of 598565.
5, 11, 10883
What are the prime factors of 221184?
2, 3
List the prime factors of 4451587.
7, 29, 21929
List the prime factors of 250478.
2, 17, 53, 139
List the prime factors of 285468.
2, 3, 23789
List the prime factors of 2248636.
2, 13, 83, 521
What are the prime factors of 669678?
2, 3, 239, 467
What are the prime factors of 232387?
281, 827
List the prime factors of 679853.
83, 8191
List the prime factors of 5859547.
5859547
What are the prime factors of 213823?
37, 5779
What are the prime factors of 714300?
2, 3, 5, 2381
List the prime factors of 2513561.
97, 25913
What are the prime factors of 1459424?
2, 59, 773
List the prime factors of 63231.
3, 7, 3011
What are the prime factors of 1033689?
3, 23, 71, 211
What are the prime factors of 4845069?
3, 311, 577
List the prime factors of 545978.
2, 272989
List the prime factors of 42036.
2, 3, 31, 113
What are the prime factors of 337398?
2, 3, 53, 1061
What are the prime factors of 525074?
2, 11, 29, 823
List the prime factors of 122163.
3, 43, 947
List the prime factors of 874883.
359, 2437
List the prime factors of 150803.
19, 7937
What are the prime factors of 158357?
158357
List the prime factors of 4980536.
2, 11, 56597
List the prime factors of 510906.
2, 3, 11, 7741
What are the prime factors of 97172?
2, 17, 1429
What are the prime factors of 517341?
3, 11, 61, 257
What are the prime factors of 775516?
2, 7, 27697
List the prime factors of 125950.
2, 5, 11, 229
List the prime factors of 5338678.
2, 2669339
What are the prime factors of 700329?
3, 7, 33349
What are the prime factors of 464449?
109, 4261
What are the prime factors of 62981?
62981
List the prime factors of 14583788.
2, 983, 3709
What are the prime factors of 106317?
3, 11813
List the prime factors of 37531847.
59, 636133
List the prime factors of 21860309.
1831, 11939
List the prime factors of 418789.
7, 29, 2063
What are the prime factors of 24225055?
5, 41, 118171
List the prime factors of 18268485.
3, 5, 1217899
List the prime factors of 289640.
2, 5, 13, 557
List the prime factors of 10410436.
2, 787, 3307
List the prime factors of 16956120.
2, 3, 5, 141301
What are the prime factors of 170378?
2, 13, 6553
List the prime factors of 9590631.
3, 3196877
What are the prime factors of 452372?
2, 113093
List the prime factors of 528794.
2, 7, 107, 353
What are the prime factors of 74613?
3, 7, 11, 17, 19
What are the prime factors of 16240?
2, 5, 7, 29
What are the prime factors of 21106191?
3, 281, 25037
What are the prime factors of 2671544?
2, 419, 797
List the prime factors of 294634.
2, 179, 823
What are the prime factors of 63438?
2, 3, 97, 109
List the prime factors of 65795.
5, 13159
List the prime factors of 704347.
7, 100621
List the prime factors of 206204.
2, 51551
List the prime factors of 6302947.
7, 29, 61, 509
What are the prime factors of 849024?
2, 3, 11, 67
List the prime factors of 225684.
2, 3, 6269
List the prime factors of 230550.
2, 3, 5, 29, 53
What are the prime factors of 2793747?
3, 11, 84659
List the prime factors of 6074909.
6074909
List the prime factors of 1535775.
3, 5, 20477
What are the prime factors of 650479?
650479
What are the prime factors of 1675594?
2, 837797
What are the prime factors of 694910?
2, 5, 69491
What are the prime factors of 507899?
7, 37, 53
What are the prime factors of 18120686?
2, 67, 271, 499
List the prime factors of 208091.
13, 16007
What are the prime factors of 871351?
13, 97, 691
What are the prime factors of 1426660?
2, 5, 71333
List the prime factors of 363582.
2, 3, 6733
List the prime factors of 1185101.
977, 1213
What are the prime factors of 6634704?
2, 3, 277, 499
What are the prime factors of 457457?
7, 11, 13, 457
What are the prime factors of 19499956?
2, 7, 696427
List the prime factors of 1055106.
2, 3, 13, 167
What are the prime factors of 264851?
59, 67
What are the prime factors of 4405989?
3, 7, 209809
What are the prime factors of 5561412?
2, 3, 463451
What are the prime factors of 1841995?
5, 368399
What are the prime factors of 85383?
3, 53, 179
What are the prime factors of 4124886?
2, 3, 687481
List the prime factors of 22390.
2, 5, 2239
What are the prime factors of 1788937?
1788937
What are the prime factors of 3971936?
2, 124123
List the prime factors of 3496820.